{"id":15,"date":"2016-03-01T21:12:13","date_gmt":"2016-03-01T20:12:13","guid":{"rendered":"http:\/\/sjosupernova.pl\/?page_id=15"},"modified":"2022-08-21T19:32:59","modified_gmt":"2022-08-21T17:32:59","slug":"metody-nauczania","status":"publish","type":"page","link":"https:\/\/sjosupernova.pl\/index.php\/metody-nauczania\/","title":{"rendered":"Metody Nauczania"},"content":{"rendered":"<p><img loading=\"lazy\" decoding=\"async\" class=\"aligncenter wp-image-2125 size-full\" src=\"http:\/\/sjosupernova.pl\/wp-content\/uploads\/2020\/08\/Logotyp_Biale-1-2-e1598556487617.png\" alt=\"\" width=\"150\" height=\"86\"><\/p>\n<p>&nbsp;<\/p>\n<table style=\"border-collapse: collapse; width: 100%;\">\n<tbody>\n<tr>\n<td style=\"width: 100%; text-align: justify;\"><span style=\"font-size: 16px; color: #000000;\"><span style=\"font-family: georgia,serif;\">Wykorzystujemy najefektywniejsze metody nauczania j\u0119zyka&nbsp; \u0142\u0105cz\u0105c najlepsze cechy starych sprawdzonych metod z nowymi niekonwencjonalnymi. Nade wszystko&nbsp; d\u0105\u017cymy do&nbsp;tego, aby niezale\u017cnie od metody efekt ko\u0144cowy zosta\u0142 osi\u0105gni\u0119ty. Poniewa\u017c ka\u017cdy s\u0142uchacz jest inny staramy si\u0119 dobra\u0107 metod\u0119 odpowiedni\u0105 dla niego. S\u0142uchacz mo\u017ce decydowa\u0107 o tym, na kt\u00f3r\u0105 z&nbsp;umiej\u0119tno\u015bci po\u0142o\u017cy\u0107 nacisk w zale\u017cno\u015bci od tego w jakim celu chce opanowa\u0107 j\u0119zyk. Je\u017celi&nbsp; np. chce przede wszystkim m\u00f3wi\u0107 skupiamy si\u0119 na m\u00f3wieniu. Wychodzimy jednak z za\u0142o\u017cenia, \u017ce wszystkie umiej\u0119tno\u015bci j\u0119zykowe s\u0105 wa\u017cne i dlatego w&nbsp;wi\u0119kszo\u015bci wypadk\u00f3w uczymy zar\u00f3wno m\u00f3wienia, jak i pisania, czytania i&nbsp;rozumienia ze&nbsp;s\u0142uchu. &nbsp;Poza tradycyjnym uczeniem z podr\u0119cznik\u00f3w cz\u0119sto stosujemy programy autorskie, dzi\u0119ki czemu nauka staje si\u0119 nie tylko efektywniejsza, ale i&nbsp;ciekawsza.<\/span><\/span><\/td>\n<\/tr>\n<tr>\n<td style=\"width: 100%; text-align: justify;\"><span style=\"font-size: 16px; color: #000000;\"><span style=\"font-family: georgia,serif;\">Ponadto nasze nauczanie nie ogranicza si\u0119 tylko do materia\u0142u kursowego, ale szczeg\u00f3lnie w&nbsp;przypadku ucz\u0105cych si\u0119 j\u0119zyka w szkole dzieci i m\u0142odzie\u017cy stwarza mo\u017cliwo\u015b\u0107 indywidulanej pomocy. &nbsp;Zawsze bierzemy pod uwag\u0119 materia\u0142, kt\u00f3ry s\u0142uchacze przerabiaj\u0105 w szkole, aby zapewni\u0107 im maksymaln\u0105&nbsp; pomoc w razie problem\u00f3w, przygotowania do&nbsp;test\u00f3w, etc. Ka\u017cdy s\u0142uchacz&nbsp; ma prawo do indywidualnych konsultacji z lektorem. Niezale\u017cnie od ilo\u015bci os\u00f3b w grupie k\u0142adziemy nacisk na indywidualny rozw\u00f3j ka\u017cdego s\u0142uchacza.<\/span><\/span><\/td>\n<\/tr>\n<tr>\n<td style=\"width: 100%; text-align: justify;\"><span style=\"font-size: 16px; color: #000000;\"><span style=\"font-family: georgia,serif;\">Od pocz\u0105tku istnienia naszej szko\u0142y korzystamy g\u0142\u00f3wnie z podr\u0119cznik\u00f3w wydawnictwa Pearson, kt\u00f3re ciesz\u0105 si\u0119 du\u017cym uznaniem zar\u00f3wno wsr\u00f3d lektor\u00f3w jak i&nbsp;s\u0142uchaczy.<\/span><\/span><\/td>\n<\/tr>\n<tr>\n<td style=\"width: 100%; text-align: justify;\"><span style=\"font-size: 16px; color: #000000;\"><span style=\"font-family: georgia,serif;\">Nasza szko\u0142a realizuje program nowoczesnej edukacji j\u0119zykowej English &amp; more wspierany przez Pearsona. Dzi\u0119ki programowi English &amp; more korzystamy z materia\u0142\u00f3w i rozwi\u0105za\u0144 edukacyjnych Pearsona, zapewniaj\u0105c swoim kursantom nowoczesn\u0105 edukacj\u0119 j\u0119zykow\u0105, opart\u0105 na unikalnym fundamencie w postaci Global Scale of English. English &amp; more to nauka j\u0119zyka, ale tak\u017ce holistyczny rozw\u00f3j nastawiony na praktyczn\u0105 komunikacj\u0119 i umiej\u0119tno\u015bci przysz\u0142o\u015bci dostosowane do wsp\u00f3\u0142czesnego, dynamicznie zmieniaj\u0105cego si\u0119 \u015bwiata.<\/span><\/span><\/td>\n<\/tr>\n<\/tbody>\n<\/table>\n<p style=\"text-align: justify;\">&nbsp;<\/p>\n<p>&nbsp;<\/p>\n<p><img loading=\"lazy\" decoding=\"async\" class=\"alignnone wp-image-2226\" src=\"https:\/\/sjosupernova.pl\/wp-content\/uploads\/2022\/01\/English-more-certyfikat-Supernova-1-300x212.jpg\" alt=\"\" width=\"760\" height=\"537\" srcset=\"https:\/\/sjosupernova.pl\/wp-content\/uploads\/2022\/01\/English-more-certyfikat-Supernova-1-300x212.jpg 300w, https:\/\/sjosupernova.pl\/wp-content\/uploads\/2022\/01\/English-more-certyfikat-Supernova-1-1024x724.jpg 1024w, https:\/\/sjosupernova.pl\/wp-content\/uploads\/2022\/01\/English-more-certyfikat-Supernova-1-768x543.jpg 768w, https:\/\/sjosupernova.pl\/wp-content\/uploads\/2022\/01\/English-more-certyfikat-Supernova-1-1536x1086.jpg 1536w, https:\/\/sjosupernova.pl\/wp-content\/uploads\/2022\/01\/English-more-certyfikat-Supernova-1-2048x1448.jpg 2048w, https:\/\/sjosupernova.pl\/wp-content\/uploads\/2022\/01\/English-more-certyfikat-Supernova-1-520x368.jpg 520w, https:\/\/sjosupernova.pl\/wp-content\/uploads\/2022\/01\/English-more-certyfikat-Supernova-1-740x523.jpg 740w\" sizes=\"auto, (max-width: 760px) 100vw, 760px\" \/><\/p>\n<p><img loading=\"lazy\" decoding=\"async\" class=\"wp-image-2224 alignleft\" src=\"https:\/\/sjosupernova.pl\/wp-content\/uploads\/2022\/01\/English-more-web-banner-2-300x171.png\" alt=\"\" width=\"230\" height=\"131\" srcset=\"https:\/\/sjosupernova.pl\/wp-content\/uploads\/2022\/01\/English-more-web-banner-2-300x171.png 300w, https:\/\/sjosupernova.pl\/wp-content\/uploads\/2022\/01\/English-more-web-banner-2-768x438.png 768w, https:\/\/sjosupernova.pl\/wp-content\/uploads\/2022\/01\/English-more-web-banner-2-520x296.png 520w, https:\/\/sjosupernova.pl\/wp-content\/uploads\/2022\/01\/English-more-web-banner-2-740x422.png 740w, https:\/\/sjosupernova.pl\/wp-content\/uploads\/2022\/01\/English-more-web-banner-2.png 1000w\" sizes=\"auto, (max-width: 230px) 100vw, 230px\" \/><\/p>\n<p>&nbsp;<\/p>\n<p>&nbsp;<\/p>\n<p>&nbsp;<\/p>\n<p>&nbsp;<\/p>\n<p style=\"text-align: justify;\">&nbsp;<\/p>\n","protected":false},"excerpt":{"rendered":"<p>&nbsp; Wykorzystujemy najefektywniejsze metody nauczania j\u0119zyka&nbsp; \u0142\u0105cz\u0105c najlepsze cechy starych sprawdzonych metod z nowymi niekonwencjonalnymi. Nade wszystko&nbsp; d\u0105\u017cymy do&nbsp;tego, aby niezale\u017cnie od metody efekt ko\u0144cowy zosta\u0142 osi\u0105gni\u0119ty. Poniewa\u017c ka\u017cdy s\u0142uchacz jest inny staramy si\u0119 dobra\u0107 metod\u0119 odpowiedni\u0105 dla niego. S\u0142uchacz mo\u017ce decydowa\u0107 o tym, na kt\u00f3r\u0105 z&nbsp;umiej\u0119tno\u015bci po\u0142o\u017cy\u0107 nacisk w zale\u017cno\u015bci od tego w jakim<\/p>\n<div class=\"more-link\">\n             <a href=\"https:\/\/sjosupernova.pl\/index.php\/metody-nauczania\/\" class=\"theme-btn\"><span>Czytaj dalej <\/span><i class=\"bi bi-arrow-right\"><\/i><\/a>\n        <\/div>\n","protected":false},"author":1,"featured_media":0,"parent":0,"menu_order":0,"comment_status":"closed","ping_status":"closed","template":"","meta":{"ngg_post_thumbnail":0,"footnotes":""},"class_list":["post-15","page","type-page","status-publish","hentry"],"yoast_head":"<!-- This site is optimized with the Yoast SEO plugin v25.8 - https:\/\/yoast.com\/wordpress\/plugins\/seo\/ -->\n<title>Metody Nauczania - SUPERNOVA<\/title>\n<meta name=\"robots\" content=\"index, follow, max-snippet:-1, max-image-preview:large, max-video-preview:-1\" \/>\n<link rel=\"canonical\" href=\"https:\/\/sjosupernova.pl\/index.php\/metody-nauczania\/\" \/>\n<meta property=\"og:locale\" content=\"pl_PL\" \/>\n<meta property=\"og:type\" content=\"article\" \/>\n<meta property=\"og:title\" content=\"Metody Nauczania - SUPERNOVA\" \/>\n<meta property=\"og:description\" content=\"&nbsp; Wykorzystujemy najefektywniejsze metody nauczania j\u0119zyka&nbsp; \u0142\u0105cz\u0105c najlepsze cechy starych sprawdzonych metod z nowymi niekonwencjonalnymi. Nade wszystko&nbsp; d\u0105\u017cymy do&nbsp;tego, aby niezale\u017cnie od metody efekt ko\u0144cowy zosta\u0142 osi\u0105gni\u0119ty. Poniewa\u017c ka\u017cdy s\u0142uchacz jest inny staramy si\u0119 dobra\u0107 metod\u0119 odpowiedni\u0105 dla niego. S\u0142uchacz mo\u017ce decydowa\u0107 o tym, na kt\u00f3r\u0105 z&nbsp;umiej\u0119tno\u015bci po\u0142o\u017cy\u0107 nacisk w zale\u017cno\u015bci od tego w jakim        Czytaj dalej\" \/>\n<meta property=\"og:url\" content=\"https:\/\/sjosupernova.pl\/index.php\/metody-nauczania\/\" \/>\n<meta property=\"og:site_name\" content=\"SUPERNOVA\" \/>\n<meta property=\"article:modified_time\" content=\"2022-08-21T17:32:59+00:00\" \/>\n<meta property=\"og:image\" content=\"http:\/\/sjosupernova.pl\/wp-content\/uploads\/2020\/08\/Logotyp_Biale-1-2-e1598556487617.png\" \/>\n<meta name=\"twitter:card\" content=\"summary_large_image\" \/>\n<meta name=\"twitter:label1\" content=\"Szacowany czas czytania\" \/>\n\t<meta name=\"twitter:data1\" content=\"3 minuty\" \/>\n<script type=\"application\/ld+json\" class=\"yoast-schema-graph\">{\"@context\":\"https:\/\/schema.org\",\"@graph\":[{\"@type\":\"WebPage\",\"@id\":\"https:\/\/sjosupernova.pl\/index.php\/metody-nauczania\/\",\"url\":\"https:\/\/sjosupernova.pl\/index.php\/metody-nauczania\/\",\"name\":\"Metody Nauczania - SUPERNOVA\",\"isPartOf\":{\"@id\":\"https:\/\/sjosupernova.pl\/#website\"},\"primaryImageOfPage\":{\"@id\":\"https:\/\/sjosupernova.pl\/index.php\/metody-nauczania\/#primaryimage\"},\"image\":{\"@id\":\"https:\/\/sjosupernova.pl\/index.php\/metody-nauczania\/#primaryimage\"},\"thumbnailUrl\":\"http:\/\/sjosupernova.pl\/wp-content\/uploads\/2020\/08\/Logotyp_Biale-1-2-e1598556487617.png\",\"datePublished\":\"2016-03-01T20:12:13+00:00\",\"dateModified\":\"2022-08-21T17:32:59+00:00\",\"breadcrumb\":{\"@id\":\"https:\/\/sjosupernova.pl\/index.php\/metody-nauczania\/#breadcrumb\"},\"inLanguage\":\"pl-PL\",\"potentialAction\":[{\"@type\":\"ReadAction\",\"target\":[\"https:\/\/sjosupernova.pl\/index.php\/metody-nauczania\/\"]}]},{\"@type\":\"ImageObject\",\"inLanguage\":\"pl-PL\",\"@id\":\"https:\/\/sjosupernova.pl\/index.php\/metody-nauczania\/#primaryimage\",\"url\":\"http:\/\/sjosupernova.pl\/wp-content\/uploads\/2020\/08\/Logotyp_Biale-1-2-e1598556487617.png\",\"contentUrl\":\"http:\/\/sjosupernova.pl\/wp-content\/uploads\/2020\/08\/Logotyp_Biale-1-2-e1598556487617.png\"},{\"@type\":\"BreadcrumbList\",\"@id\":\"https:\/\/sjosupernova.pl\/index.php\/metody-nauczania\/#breadcrumb\",\"itemListElement\":[{\"@type\":\"ListItem\",\"position\":1,\"name\":\"Strona g\u0142\u00f3wna\",\"item\":\"https:\/\/sjosupernova.pl\/\"},{\"@type\":\"ListItem\",\"position\":2,\"name\":\"Metody Nauczania\"}]},{\"@type\":\"WebSite\",\"@id\":\"https:\/\/sjosupernova.pl\/#website\",\"url\":\"https:\/\/sjosupernova.pl\/\",\"name\":\"SUPERNOVA\",\"description\":\"studium j\u0119zyk\u00f3w obcych\",\"publisher\":{\"@id\":\"https:\/\/sjosupernova.pl\/#organization\"},\"potentialAction\":[{\"@type\":\"SearchAction\",\"target\":{\"@type\":\"EntryPoint\",\"urlTemplate\":\"https:\/\/sjosupernova.pl\/?s={search_term_string}\"},\"query-input\":{\"@type\":\"PropertyValueSpecification\",\"valueRequired\":true,\"valueName\":\"search_term_string\"}}],\"inLanguage\":\"pl-PL\"},{\"@type\":\"Organization\",\"@id\":\"https:\/\/sjosupernova.pl\/#organization\",\"name\":\"SUPERNOVA\",\"url\":\"https:\/\/sjosupernova.pl\/\",\"logo\":{\"@type\":\"ImageObject\",\"inLanguage\":\"pl-PL\",\"@id\":\"https:\/\/sjosupernova.pl\/#\/schema\/logo\/image\/\",\"url\":\"https:\/\/sjosupernova.pl\/wp-content\/uploads\/2020\/08\/cropped-cropped-cropped-cropped-Logotyp_Biale-1-1-1.png\",\"contentUrl\":\"https:\/\/sjosupernova.pl\/wp-content\/uploads\/2020\/08\/cropped-cropped-cropped-cropped-Logotyp_Biale-1-1-1.png\",\"width\":370,\"height\":209,\"caption\":\"SUPERNOVA\"},\"image\":{\"@id\":\"https:\/\/sjosupernova.pl\/#\/schema\/logo\/image\/\"}}]}<\/script>\n<!-- \/ Yoast SEO plugin. -->","yoast_head_json":{"title":"Metody Nauczania - SUPERNOVA","robots":{"index":"index","follow":"follow","max-snippet":"max-snippet:-1","max-image-preview":"max-image-preview:large","max-video-preview":"max-video-preview:-1"},"canonical":"https:\/\/sjosupernova.pl\/index.php\/metody-nauczania\/","og_locale":"pl_PL","og_type":"article","og_title":"Metody Nauczania - SUPERNOVA","og_description":"&nbsp; Wykorzystujemy najefektywniejsze metody nauczania j\u0119zyka&nbsp; \u0142\u0105cz\u0105c najlepsze cechy starych sprawdzonych metod z nowymi niekonwencjonalnymi. Nade wszystko&nbsp; d\u0105\u017cymy do&nbsp;tego, aby niezale\u017cnie od metody efekt ko\u0144cowy zosta\u0142 osi\u0105gni\u0119ty. Poniewa\u017c ka\u017cdy s\u0142uchacz jest inny staramy si\u0119 dobra\u0107 metod\u0119 odpowiedni\u0105 dla niego. S\u0142uchacz mo\u017ce decydowa\u0107 o tym, na kt\u00f3r\u0105 z&nbsp;umiej\u0119tno\u015bci po\u0142o\u017cy\u0107 nacisk w zale\u017cno\u015bci od tego w jakim        Czytaj dalej","og_url":"https:\/\/sjosupernova.pl\/index.php\/metody-nauczania\/","og_site_name":"SUPERNOVA","article_modified_time":"2022-08-21T17:32:59+00:00","og_image":[{"url":"http:\/\/sjosupernova.pl\/wp-content\/uploads\/2020\/08\/Logotyp_Biale-1-2-e1598556487617.png","type":"","width":"","height":""}],"twitter_card":"summary_large_image","twitter_misc":{"Szacowany czas czytania":"3 minuty"},"schema":{"@context":"https:\/\/schema.org","@graph":[{"@type":"WebPage","@id":"https:\/\/sjosupernova.pl\/index.php\/metody-nauczania\/","url":"https:\/\/sjosupernova.pl\/index.php\/metody-nauczania\/","name":"Metody Nauczania - SUPERNOVA","isPartOf":{"@id":"https:\/\/sjosupernova.pl\/#website"},"primaryImageOfPage":{"@id":"https:\/\/sjosupernova.pl\/index.php\/metody-nauczania\/#primaryimage"},"image":{"@id":"https:\/\/sjosupernova.pl\/index.php\/metody-nauczania\/#primaryimage"},"thumbnailUrl":"http:\/\/sjosupernova.pl\/wp-content\/uploads\/2020\/08\/Logotyp_Biale-1-2-e1598556487617.png","datePublished":"2016-03-01T20:12:13+00:00","dateModified":"2022-08-21T17:32:59+00:00","breadcrumb":{"@id":"https:\/\/sjosupernova.pl\/index.php\/metody-nauczania\/#breadcrumb"},"inLanguage":"pl-PL","potentialAction":[{"@type":"ReadAction","target":["https:\/\/sjosupernova.pl\/index.php\/metody-nauczania\/"]}]},{"@type":"ImageObject","inLanguage":"pl-PL","@id":"https:\/\/sjosupernova.pl\/index.php\/metody-nauczania\/#primaryimage","url":"http:\/\/sjosupernova.pl\/wp-content\/uploads\/2020\/08\/Logotyp_Biale-1-2-e1598556487617.png","contentUrl":"http:\/\/sjosupernova.pl\/wp-content\/uploads\/2020\/08\/Logotyp_Biale-1-2-e1598556487617.png"},{"@type":"BreadcrumbList","@id":"https:\/\/sjosupernova.pl\/index.php\/metody-nauczania\/#breadcrumb","itemListElement":[{"@type":"ListItem","position":1,"name":"Strona g\u0142\u00f3wna","item":"https:\/\/sjosupernova.pl\/"},{"@type":"ListItem","position":2,"name":"Metody Nauczania"}]},{"@type":"WebSite","@id":"https:\/\/sjosupernova.pl\/#website","url":"https:\/\/sjosupernova.pl\/","name":"SUPERNOVA","description":"studium j\u0119zyk\u00f3w obcych","publisher":{"@id":"https:\/\/sjosupernova.pl\/#organization"},"potentialAction":[{"@type":"SearchAction","target":{"@type":"EntryPoint","urlTemplate":"https:\/\/sjosupernova.pl\/?s={search_term_string}"},"query-input":{"@type":"PropertyValueSpecification","valueRequired":true,"valueName":"search_term_string"}}],"inLanguage":"pl-PL"},{"@type":"Organization","@id":"https:\/\/sjosupernova.pl\/#organization","name":"SUPERNOVA","url":"https:\/\/sjosupernova.pl\/","logo":{"@type":"ImageObject","inLanguage":"pl-PL","@id":"https:\/\/sjosupernova.pl\/#\/schema\/logo\/image\/","url":"https:\/\/sjosupernova.pl\/wp-content\/uploads\/2020\/08\/cropped-cropped-cropped-cropped-Logotyp_Biale-1-1-1.png","contentUrl":"https:\/\/sjosupernova.pl\/wp-content\/uploads\/2020\/08\/cropped-cropped-cropped-cropped-Logotyp_Biale-1-1-1.png","width":370,"height":209,"caption":"SUPERNOVA"},"image":{"@id":"https:\/\/sjosupernova.pl\/#\/schema\/logo\/image\/"}}]}},"_links":{"self":[{"href":"https:\/\/sjosupernova.pl\/index.php\/wp-json\/wp\/v2\/pages\/15","targetHints":{"allow":["GET"]}}],"collection":[{"href":"https:\/\/sjosupernova.pl\/index.php\/wp-json\/wp\/v2\/pages"}],"about":[{"href":"https:\/\/sjosupernova.pl\/index.php\/wp-json\/wp\/v2\/types\/page"}],"author":[{"embeddable":true,"href":"https:\/\/sjosupernova.pl\/index.php\/wp-json\/wp\/v2\/users\/1"}],"replies":[{"embeddable":true,"href":"https:\/\/sjosupernova.pl\/index.php\/wp-json\/wp\/v2\/comments?post=15"}],"version-history":[{"count":0,"href":"https:\/\/sjosupernova.pl\/index.php\/wp-json\/wp\/v2\/pages\/15\/revisions"}],"wp:attachment":[{"href":"https:\/\/sjosupernova.pl\/index.php\/wp-json\/wp\/v2\/media?parent=15"}],"curies":[{"name":"wp","href":"https:\/\/api.w.org\/{rel}","templated":true}]}}